4))/((-36)/1962)?
1
Suppose 3*j + 13*k - 11*k - 71646 = 0, 4*j = -5*k + 95535. What is the tens digit of j?
8
Suppose 4*k + 3*m - 74 = 0, 7*m - 50 = -3*k + 2*m. Suppose k*i - 2*i = 8226. What is the hundreds digit of i?
4
Suppose -2*n - 1549 = -6*n - 3*k, -9 = -3*k. What is the units digit of n?
5
Suppose 0*k + k = -5*b - 8, -5*k + 20 = -5*b. Suppose 15 = -3*i + 15. Suppose -5*j + o + 119 = i, 0*o + 46 = k*j - 2*o. What is the tens digit of j?
2
Suppose 23*x + 49580 = 352467. What is the units digit of x?
9
Let y = -10016 + 12758. What is the tens digit of y?
4
Suppose 3*x + 0*l = -4*l + 6532, -5*x = -l - 10856. Suppose 19*o - x = 8221. What is the tens digit of o?
4
Suppose -t + 11*y + 23812 = 14*y, 23800 = t - 3*y. What is the units digit of t?
6
Suppose 2*i - 12*a - 3407 = 3945, 0 = 2*i - a - 7363. What is the hundreds digit of i?
6
Suppose 0 = 38*b - 390325 + 61663. What is the hundreds digit of b?
6
Let z be (-8217)/(-12) + (-10)/(-40). Let f = z - 381. What is the hundreds digit of f?
3
What is the tens digit of (1176/(-5))/((-15988)/1330 - -12)?
7
Suppose 2*c + 5*f + 502 + 159 = 0, 4 = -4*f. Let i = -166 - c. Suppose 450 = 3*a - 3*v, 0 = -3*a + 2*a - 2*v + i. What is the units digit of a?
4
Suppose l + 24*x = 29*x + 3645, 10967 = 3*l + x. What is the tens digit of l?
5
Suppose -4*o + 8*o = -7*o. Suppose -4*j + b + 646 = o, -2*j + 4*j - b = 322. Suppose -j + 6 = -3*y. What is the tens digit of y?
5
Let r(x) = 2*x**3 + 4*x**2 + 7*x + 8. Let g be r(-2). What is the units digit of 68/(-85)*4755/g?
4
Let f(b) = 8*b + 6. Let c(u) be the third derivative of u**5/30 - 7*u**4/12 + 13*u**3/6 + 9*u**2. Let o be c(6). What is the tens digit of f(o)?
1
Suppose 60*s + 12 = 66*s. Suppose 5*w - 4*y = 7775, -s*w + 0*y - 3*y + 3133 = 0. What is the hundreds digit of w?
5
Let v = -33129 + 52670. What is the hundreds digit of v?
5
Let t(x) be the second derivative of x**5/20 + 5*x**4/6 - x**3/3 - 9*x**2/2 - 10*x. Let j be t(-10). What is the tens digit of (8 + -2)/2 - (j - 153)?
4
Suppose -96*j + 48*j = -1966608 + 368448. What is the ten thousands digit of j?
3
Let j(q) = q**3 + 20*q**2 + 21*q + 24. Let z be j(-19). Let w(g) = -g**3 - 9*g**2 + 21*g + 22. What is the tens digit of w(z)?
0
Let d(o) = -o**2 + 47*o + 256. What is the units digit of d(39)?
8
Let g = 58107 - 33610. What is the ten thousands digit of g?
2
Suppose 73 = 2*i - 3*i - 5*c, 0 = 4*i - 4*c + 172. What is the units digit of (-64)/i - (-443)/3?
9
Let i(w) = 3*w**3 + 8*w**2 + 2*w + 7. Let v be i(4). Suppose v = 2*h - 23. What is the units digit of h?
9
Suppose -230*z = 168*z - 29750102. What is the ten thousands digit of z?
7
Suppose -8*y + 168 = 56. Let b be (-1771 + 1)/((-12)/8). Suppose 4*q = y*q - b. What is the hundreds digit of q?
1
Let b = -616 - -656. What is the tens digit of (-15)/20 + 13990/b?
4
Let b be ((-8)/(-7))/(58/203). Suppose -368 = -2*f - 4*a, -b*f = -6*f + 5*a + 350. What is the hundreds digit of f?
1
Let h = 7060 + 242. What is the units digit of h?
2
Let m be (-6 + 34/6)*15. What is the hundreds digit of 3 - (m + 4) - -251?
2
Let k = 875 + -699. Suppose 0 = -2*p + 53 + 35. Suppose -k + p = -f. What is the units digit of f?
2
Let d(m) = -6*m + 129*m**2 - m + 59 - 12*m + 3*m. What is the hundreds digit of d(3)?
1
What is the tens digit of 1*(-140)/112*(-645672)/15?
0
Let k = 352 - -25142. What is the tens digit of k?
9
Suppose -3*c - 34*c = -2*c - 2499420. What is the units digit of c?
2
Let j = 58201 + -29079. What is the tens digit of j?
2
What is the units digit of 742*3 + (-98)/((-14)/1)?
3
Suppose -14*v + 580 = 6*v. Let n(m) = -2*m**3 + 59*m**2 + 15*m + 9. What is the units digit of n(v)?
5
Let a = 299 - 287. Suppose -a*r + 419 = -2377. What is the units digit of r?
3
Suppose 3*h = 12517 - 3058. What is the hundreds digit of h?
1
Suppose 22*p - 18*p = 0. Let v be 3/4*(p/(-2) + 4). Suppose v*o + 402 = 9*o. What is the tens digit of o?
6
Suppose -13*u = 6*u - 95. Suppose -10*o + 779 = v - 6*o, 0 = -u*o + 25. What is the units digit of v?
9
Let o be ((-2)/((-12)/567))/(10/(-20)). Let y = o + 755. What is the tens digit of y?
6
Let k(p) = 50*p**2 + 17*p - 39. Let h be k(3). Let q = h + -132. What is the units digit of q?
0
Let q = -3 - -265. Let z = -389 + q. Let u = -35 - z. What is the units digit of u?
2
Let h(p) = -p**2 + 11*p + 1. Let z be h(-12). Let t = z - -554. What is the units digit of t?
9
Let u(j) = 27*j**2 + 163*j - 338. What is the units digit of u(-20)?
2
What is the tens digit of 10 + 105/(-15) + 8602 + 1?
0
Let k be ((-2)/(-3))/((-6)/(-72)). Let s = k - 4. Suppose -a + 7 = -s*y, -y - 11 = -a - 4. What is the units digit of a?
7
Let n be (40/(-32))/(2/(-8)). Suppose -3*i + 2361 = -2*c, 4*i - n*c = -i + 3930. Suppose 7*w - i + 159 = 0. What is the tens digit of w?
9
Let m(t) = 6*t**3 - 17*t**2 + 9*t - 20. Let v(u) = 3*u**3 - 8*u**2 + 5*u - 10. Let d(p) = -4*m(p) + 9*v(p). What is the tens digit of d(5)?
1
Let z be 3 + -7 + 7 + -3. Let q be z/2 - (-2 - 0). Suppose -q*o - 29 = -87. What is the units digit of o?
9
Let h(r) = 7*r**3 + 15*r**2 - 11*r - 7. Let s(d) = -20*d**3 - 44*d**2 + 34*d + 20. Let y(o) = 17*h(o) + 6*s(o). What is the hundreds digit of y(-12)?
2
Suppose 5*z = 126 + 194. Let s = -59 + z. Suppose 3*t - 211 = -b, 0*t + s*t - 5*b = 385. What is the units digit of t?
2
Suppose 0 = -n + 6*n + 25. Let m(h) = -h + 17. Let y(j) = -2*j - 3. Let v(g) = m(g) + 3*y(g). What is the units digit of v(n)?
3
Let k(y) = 2*y**3 - 95*y**2 - 2*y + 24955. What is the hundreds digit of k(0)?
9
Let o(z) = -24*z. Let g be o(1). Suppose -43 = -5*r - 2*q + 17, 0 = -3*r + 4*q + 36. What is the units digit of (-6)/(-4)*r*(-176)/g?
2
Let u(g) = -g**3 - 10*g**2 - 2*g + 68. Let p be 18/(-99) + ((-423)/(-33))/(-1). What is the units digit of u(p)?
1
Suppose 600 = 2*q - 8*k, 21*k - 1575 = -5*q + 16*k. What is the hundreds digit of q?
3
Let o = 1286 + 4492. What is the thousands digit of o?
5
Let p be (1 + 0)*436/(-2). Let a(v) = 5*v**3 - 2*v**2 - 29*v - 92. Let s be a(-4). Let k = p - s. What is the hundreds digit of k?
1
Let m(n) = 2*n - 10. Let u be m(6). Suppose y - 326 = u*d, -2*d - 318 = 2*y + y. What is the units digit of 33*(-6)/d + (-2)/9?
1
Let i(o) = -47*o**3 + 44*o**2 + 265*o - 6. What is the ten thousands digit of i(-11)?
6
Let g(d) = d**3 + 9*d**2 - 21*d + 5. Let c(a) = 6*a + 4. Let j be c(1). Suppose 5*p = j*p + 50. What is the hundreds digit of g(p)?
1
Let h = 26833 + -14334. What is the units digit of h?
9
Let g(m) = -3*m + 21 + 7*m + m. Let y = -325 + 345. What is the tens digit of g(y)?
2
What is the tens digit of (-4)/(-18) + (-1132450)/(-495)?
8
What is the units digit of (-15170)/(-2) - 0/(11 + (8 - 15))?
5
Let r(v) be the first derivative of -2*v**3/3 - 5*v**2 + 4*v + 7. Let z be r(-8). What is the tens digit of (z + -4)*-1*1?
4
Let m(b) = 349*b - 11372. What is the hundreds digit of m(122)?
2
Let i be -2 + -1 - (2 - 7). Let s(t) = 30*t**3 + t**2 - 2*t + 4. Let c be s(i). Suppose -100 = -l + 4*x, 3*l = -4*x + 2*x + c. What is the tens digit of l?
8
Let b = -1295 + 2882. What is the thousands digit of b?
1
Let k(b) = -6*b + 83. Let z be k(13). Suppose 5*r = 0, 4*o + z*r + 627 = 5*o. What is the hundreds digit of o?
6
Suppose 3*m = 9*m - 18. Suppose -15 = m*r, 2*r + 0 = -5*u - 25. Let a = u - -13. What is the units digit of a?
0
Let p(j) = -j**2 - 13*j + 19. Let t(g) = -14*g + 17. Let i(n) = -4*p(n) + 5*t(n). What is the units digit of i(14)?
1
Let b(p) = -p + 81. Let m be b(69). Suppose -3*f + 4*z = -417, 5*f - 332 - 371 = 4*z. Let q = f - m. What is the units digit of q?
1
Let w(m) = 53*m**2 - 5*m - 21. Let j be 8 + -2 + 3 + -12. What is the tens digit of w(j)?
7
What is the tens digit of ((-66032)/12)/((2/18)/((-1)/2))?
6
Let p(g) = -g**3 - 2*g**2 - 6*g - 1. Suppose m + 2*x - 11 = 0, 3*x + 3 = -m + 16. Suppose -3 + m = -l. What is the tens digit of p(l)?
5
Let g(t) = t - 20. Let r be g(6). Let u be (-5410)/r + (-44)/(-77). Suppose 5*d - u + 7 = 0. What is the units digit of d?
6
Suppose -239 - 195 = 7*c. Let j = -58 - c. Suppose 5*g - 2*h = -3*h + 980, 2*g + j*h - 374 = 0. What is the units digit of g?
7
Let y(o) = 15047*o + 252. What is the thousands digit of y(1)?
5
Suppose 14*d - 8*k + 4*k = 780520, -5*k - 223025 = -4*d. What is the hundreds 